te d(f).
-9
Let s(h) = -h - 3. Let q(o) = -4*o + 124. Let r be q(32). Let b(j) = -j**2 + 2*j + 23. Let i be b(r). Give s(i).
-2
Let j be -5*1 - 3591/(-684). Let n(w) be the first derivative of -j*w**4 - 21 - 1/2*w**2 - w**3 + 2*w. Calculate n(-3).
5
Let d(g) be the second derivative of -5*g**4/12 - 3*g**3/2 - g**2/2 - g - 942. Calculate d(-2).
-3
Let d(c) = -15*c**3 + 153*c + 7. Let p(s) = 7*s**3 - 68*s - 3. Let w(q) = 4*d(q) + 9*p(q). Calculate w(-1).
-2
Let r be ((-110)/66)/(5/(-18)). Let v(j) = 7*j - 9. Let k(a) be the third derivative of a**4/3 - 5*a**3/3 - 9*a**2. Let f(s) = r*k(s) - 7*v(s). Determine f(-8).
11
Let v(m) = 6*m**3 + 24*m**2 - 23*m - 64. Let h(c) = -5*c**3 - 20*c**2 + 23*c + 64. Let g(s) = 5*h(s) + 4*v(s). Determine g(-6).
-2
Let k(p) = p**2 - 2*p. Let l(n) = -2*n - 40. Let u be l(16). Let b = u + 78. Let j be 33/(-22)*(-20)/b. What is k(j)?
15
Let n(f) be the first derivative of 0*f**2 + 1/24*f**4 - 11/3*f**3 - 1/24*f**5 + 1/360*f**6 + 6 + 0*f. Let o(a) be the third derivative of n(a). Calculate o(4).
-3
Let m(v) be the first derivative of v**4/4 - 3*v**3 - 11*v**2 - 17*v + 949. Calculate m(11).
-17
Let y(k) = k**3 + k**2 + k - 1. Let d be ((-154)/231)/(2 + (-1424)/714). Let t be -2*(d/14)/17. What is y(t)?
2
Let s(h) = 5*h**3 + 22*h**2 + 18*h + 11. Let k(w) = w**3 - w + 2. Let m(v) = 4*k(v) - s(v). What is m(-21)?
18
Let x be ((-414)/(-24) + -14)/((-2)/(-8)). Let q(w) = 0*w + w - 375 + 359. Determine q(x).
-3
Let g(o) = o**2 - 17*o - 26. Let s(k) = -k**3 + 10*k**2 - 11*k - 57. Let y be s(6). Calculate g(y).
58
Let i(j) = 686*j + 201. Let a(k) = -293*k - 100. Let w(r) = 14*a(r) + 6*i(r). Give w(14).
2
Let m(b) be the first derivative of b**2 - 3*b + 2. Let k = -232 + 235. Suppose 5*s + 7*g - 21 = 4*g, 0 = 2*s + k*g - 12. Give m(s).
3
Let g(z) = -z**3 + 12*z**2 - 10*z - 14. Let n(o) = -57*o**3 + 21*o**3 + 24*o**3 + 5 + 6*o. Let i be n(-1). Give g(i).
-3
Let y(w) = -11*w - 1. Let o be y(-1). Suppose o + 0 = 2*u. Suppose -20*j + u = -19*j. Let z(g) = g**3 - 4*g**2 - 6*g - 4. Determine z(j).
-9
Let v(b) = b**2 + 7*b - 1. Let x(l) = -l**3 - 6*l**2 + 4*l + 19. Suppose 24*g - 19*g + 30 = 0. Let j be x(g). Give v(j).
-11
Let h(r) = -4 + 434*r + 393*r - 818*r - 9*r**2 + r**2 + r**3. What is h(6)?
-22
Let f(t) = -t**3 + 4*t**2 - 2*t - 6. Let h = 107 + -105. Determine f(h).
-2
Suppose t = -3*g + 19, -11 = -g - 6. Let v(l) = -7*l + 18. Give v(t).
-10
Let d be (28*20/210)/(12/(-9) - -2). Let o(p) = -6*p + 14. Let q(k) = -2*k + 5. Let m(u) = -6*o(u) + 17*q(u). Give m(d).
9
Let u(p) = -3*p - 2. Suppose 0 = -2*a + 2, 1 = -2*j + 3*a - 0. Let n(m) = -60*m - 36. Let z(y) = j*n(y) - 18*u(y). What is z(-6)?
36
Suppose -l - 103 + 28 = 14*l. Let o(k) = k**3 + 6*k**2 + 5*k + 3. What is o(l)?
3
Let g(h) be the second derivative of h**4/12 + 10*h**3/3 - 13*h**2/2 - 3846*h. Determine g(-19).
-32
Let o(d) = -8*d - 8*d - 4 - 8*d + 33*d + 2*d**2 - 12*d. What is o(5)?
31
Let u(s) = s**3 + 6*s**2 + 3*s - 12. Let c be u(-3). Let k(y) = 2*y**2 - 1 - 7*y**3 - 1 + 6*y + c*y**3 - 7*y**2. Give k(-6).
-2
Let f(m) = -52*m - 488. Let v be f(-9). Let g(q) = q**2 + 19*q - 24. Calculate g(v).
-4
Let l(v) be the second derivative of v**5/20 - 5*v**4/12 - v**3/6 - 2*v**2 + 23387*v. Let t = 5 + 0. Calculate l(t).
-9
Let i = -5376 - -5370. Let y(a) = -a**2 + a + 8. Give y(i).
-34
Suppose -5*n - 28*m = -26*m - 3, -4*n + 5*m = -9. Let y(g) = -2 + 9*g**2 + 3 + 0 - 2*g**2. Determine y(n).
8
Suppose -5*a - 430 = -5*w, -w + a = -4*a - 82. Suppose -13*i + 22 = w. Let r(x) = -x**3 - 6*x**2 - 5*x - 7. Give r(i).
-7
Let c = 336 + -335. Let y(g) = -15*g**3 + g**2 + 3*g - 1. Let h(q) = -q. Let x(f) = 2*h(f) + y(f). Determine x(c).
-14
Let m(k) = 2*k**2 + 3*k + 3. Let l(n) = -n**3 - 6*n**2 + 2*n + 9. Let b be l(-4). Let t = 31 + b. Suppose -6*x - 12 = -t. Give m(x).
5
Let s be 11 + 12 + (-8 - -11). Let t(i) be the third derivative of 0*i + s*i**2 + 0 - 1/24*i**4 - 1/3*i**3. What is t(-2)?
0
Let y(s) = 210974*s**2 + 5 + 17*s - 210975*s**2 - 14. Determine y(9).
63
Let w = -1 + -12. Let r = w + 37. Let z(t) = -1 - r*t + 24*t + 4*t**2. Give z(-1).
3
Let t(b) be the first derivative of -1/2*b**2 - 1/4*b**4 - 183 - 12*b + 1/3*b**3. Determine t(0).
-12
Let b(d) = -3*d**2 + 9. Let w(m) = 0*m**2 + m**2 - 2*m**2 + 3*m**2 + 51*m - 8 - 52*m. Let i(y) = -3*b(y) - 4*w(y). What is i(-7)?
26
Let s = -7266 + 7283. Let d(r) = 4*r**2 - 70*r + 38. Give d(s).
4
Let a(n) = -12*n**2 + 2*n. Let w(q) = -q**2 + 56*q + 443. Let o be w(-7). What is a(o)?
-44
Let p(i) = 317*i + 2862. Let c be p(-9). Let l(r) = 2*r - 16. Calculate l(c).
2
Let a = 813972 - 813971. Let r(j) = -2 - 2*j - 3*j**2 + 4 + 0. Determine r(a).
-3
Let r(b) = -3*b + 72. Let o be r(27). Let s(g) = -3 + 0 - g - 2. Calculate s(o).
4
Let r = -397 - -398. Let o(x) = -4 + 1 - x - 2. Give o(r).
-6
Let n(i) = -3*i - 46. Let u be n(-17). Let f be u + -3 + 3 + 0 + 0. Suppose 0 = -f*v + 20, c = -2*v - 0*v + 8. Let z(a) = a**3 - a**2 - a + 5. Determine z(c).
5
Let i(f) = 9*f**2 - f + 1. Let o(z) = -22*z**2 - 14*z + 7. Let c(q) = 2*i(q) + o(q). What is c(-7)?
-75
Let d(x) = -4*x**2 - 10*x - 40. Let y(l) = 9*l**2 + 23*l + 74. Let u(s) = 13*d(s) + 6*y(s). What is u(-12)?
116
Suppose 22 = 5*d + 12. Suppose -l + 2*a = -14, 5*l - a = d*a + 35. Let g be -1 + (-1 - (2 - l)). Let n(y) = -y**3 + y**2 + y + 9. Calculate n(g).
9
Let i(y) = 2*y**3 - 3*y**2 + y + 2. Let o(n) be the second derivative of -n**5/20 + 5*n**4/3 + 15*n**3/2 - 10*n**2 + 16*n + 1. Let t be o(22). What is i(t)?
8
Let q(u) = -u**3 - 4*u**2 + 4*u - 2. Let s(k) = -k**3 + 29*k**2 + 32*k - 36. Let z be s(30). Let h be z/18 + (-38)/6. Determine q(h).
3
Let f(n) be the first derivative of -2*n - 91. Let y(p) = -p - 3. Let w(i) = -5*f(i) + y(i). Calculate w(9).
-2
Let c(i) = 32*i. Let a = -60 + 58. Let u be (-1 - a/1)/1 - 2. Give c(u).
-32
Let x(h) be the first derivative of -h**3/6 - 4*h**2 - 3*h + 10. Let a(p) be the first derivative of x(p). What is a(-6)?
-2
Let z be (0 - 1)/(2/12). Suppose 37*l - 36 = 75. Let f(b) = 49 - 14 - 34 - 2*b + l*b. Determine f(z).
-5
Let q(w) = -w**3 + 3*w + 56*w**2 + 0*w**3 - 46*w**2 - 24. Let p be q(10). Let g(y) = y**3 - 5*y**2 - 6*y - 5. Determine g(p).
-5
Let f be 9/(-15)*(-395 + -10). Let i = -245 + f. Let k(w) = w**3 + w**2 - 2*w - 1. Give k(i).
-1
Let g(i) = -2*i. Let r be 26/(-4)*(-700)/455. Calculate g(r).
-20
Suppose 2*r - 3*z + 31 = 0, 4*r + z = -33 + 6. Let q = r + 11. Let w(j) be the second derivative of j**4/12 - 2*j**3/3 - j. Calculate w(q).
-3
Let m(a) = 2*a. Let y(k) = 11*k + 8. Let i = -167 + 172. Let b(v) = i*m(v) - y(v). Calculate b(7).
-15
Let c(g) be the second derivative of -g**5/20 + 2*g**4/3 - 3*g**3/2 + 18*g**2 - g + 461. What is c(7)?
22
Let j(p) = p**3 - 4*p**2 + 3*p - 2. Let c = -70 + 77. Let k(a) = -a**2 + 11*a - 18. Let z be k(c). Suppose -7*o - 12 = -z*o. Determine j(o).
10
Let r(f) be the third derivative of -1/3*f**4 + 0 - 17*f - 3*f**2 - f**3. Calculate r(-4).
26
Let m = 44 - 48. Suppose -2 - 13 = -5*i. Let f(l) = -8 + i*l + l + 2*l + l**2 + 10. Calculate f(m).
-6
Let q(v) = 769 + 6*v + 777 - 17*v - 1557 + 7*v**2. What is q(-1)?
7
Let r = 1 + 2. Suppose -4 = 4*x - r*y, 4*x - 2*y + 2 = -2. Let k(g) be the second derivative of 7*g**4/12 - g**3/6 + 20*g + 5. Calculate k(x).
8
Let x = 2901 - 2904. Let z(t) = 15*t + 31. Calculate z(x).
-14
Let q(v) be the first derivative of v**3/3 - 7*v**2/2 + v - 11. Calculate q(7).
1
Let b(h) = -h**3 + 16*h**2 - 57*h - 65. Let v be b(9). Let p(s) = -7*s - 84. What is p(v)?
-7
Let b(h) = h**2 - 10*h - 28. Let j be b(12). Let y(u) = 2*u + 3 - 9*u**2 + 10*u**2 - 5 + 0. Determine y(j).
6
Suppose -12*q + 61 = -8*q + 3*t, 22 = q + 3*t. Let d(w) = -17*w + q*w + 13*w. Calculate d(-1).
-9
Let p(m) = 19*m**2 - 3*m + 3. Let r = -5384 - -5385. Calculate p(r).
19
Let g(a) = 9*a**3 + 4*a**2 - a + 13. Let l(r) = -34*r**3 - 18*r**2 + 5*r - 52. Let f(m) = 15*g(m) + 4*l(m). Determine f(-13).
91
Let j(y) = y**3 - 9*y**2 + 21*y - 47. Let l be j(7). Suppose -3*f - 5*w - 17 = 0, w = l*f + 2*f + 15. Let s(o) = o**3 + 4*o**2 + 3*o + 5. What is s(f)?
-7
Let h(d) = -1680*d + d**2 + d**2 + 1684*d - d**3 + 2. Suppose 4*r = -0*r - 88. Let b = -24 - r. What is h(b)?
10
Suppose 51*i - 55*i = 5*k + 34, 4*k - 5*i = -19. Let o(h) = 